t c(k) = -k**3 - 10*k**2 + 9*k - 11. Let z be c(-11). Let u(q) = 6*q - 8. What is the units digit of u(z)?
8
Let l = 15 - -47. Suppose -l*y + 58*y = -188. What is the tens digit of y?
4
Suppose 4 = q - 0. Suppose -3*u + 9 = 3*r, -22 = q*u - 9*u + 2*r. What is the units digit of u?
4
Let d(a) = -a - 6. Let x be d(-5). Let o = x + 4. What is the tens digit of 0 + o*56/12?
1
Let p(o) = 16*o + 17*o**2 - 31*o + 14*o + 44*o**2 - 2. What is the tens digit of p(-2)?
4
Let k(x) = 3*x**3 + x**2 - 17*x - 43. What is the hundreds digit of k(8)?
4
Let m = 48 + -48. What is the tens digit of (-159 - m)*10/(-15)?
0
Let t = 1088 - -2272. What is the thousands digit of t?
3
Let z = -455 - -1250. What is the hundreds digit of z?
7
Let x(q) = -q**3 + 2*q + 1. Let i be x(-1). Let j(f) = -f**2 - f + 99. What is the units digit of j(i)?
9
Let q be (-6)/4*600/(-10). Suppose -15 - q = -3*s. What is the units digit of s?
5
Suppose 0 = -3*c + 7*c + 3*g - 2, c - 12 = 5*g. Suppose -c*j + 9 = 15. What is the units digit of (-13 + 5 + j)*-2?
2
Suppose 11*v = 43 - 10. What is the tens digit of (-29)/(((-16)/(-24))/(1 - v))?
8
Suppose 0 = -2*h + 21*i - 24*i + 2952, -5*h + 4*i = -7403. What is the hundreds digit of h?
4
Suppose 14*u = 1068 + 1340. What is the hundreds digit of u?
1
Let l(i) = 6*i**2 + 23*i - 79. What is the hundreds digit of l(-17)?
2
Suppose 209 - 83 = 6*a. What is the units digit of a?
1
Let f(s) = -s**2 - 17*s + 6. Let q be f(-14). Let r = q - 20. What is the tens digit of r?
2
Suppose 38*r = 202 + 178. What is the tens digit of r?
1
Suppose -57*j = -52*j - 2535. What is the hundreds digit of j?
5
Let t(z) = 5*z + 15 - 4 - 7. Let r be t(6). Suppose 10 = g + 3*u, 4*g - 2*u = r + 48. What is the tens digit of g?
1
Let f = -12 + 21. Suppose -f*u = -304 - 722. What is the tens digit of u?
1
Suppose 4 = -3*q - q. Let v = q + 6. Suppose -3*k + v*k - 2 = 0. What is the units digit of k?
1
Let m be -3 + (4 - (1 - 4)). Suppose 3*l - 3 = 0, 0 = m*p + 4*l + 16 - 168. What is the units digit of p?
7
Let x = -410 + 509. What is the units digit of x?
9
Let u(w) = -3*w + 492. What is the tens digit of u(-45)?
2
Let m(k) = -582*k - 153. What is the thousands digit of m(-6)?
3
Let f(b) = -2*b**3 + 47*b**2 - 23*b - 35. What is the hundreds digit of f(20)?
3
Suppose -4*z = 2*r - 508, -2*r + 6*z + 490 = z. What is the units digit of r?
0
Let n = 19 - -27. Let g = n + 10. What is the units digit of g?
6
What is the tens digit of (-188071)/(-136) - 4/(-32)*1?
8
Let k(o) be the second derivative of 10*o**3/3 - 17*o**2 + 2*o - 4. What is the tens digit of k(13)?
2
Suppose t - 4 = 1. Suppose 3*h - 381 = -t*x, -x + 126 = h + x. What is the hundreds digit of h?
1
Suppose 260*h + 2093 = 267*h. What is the tens digit of h?
9
Let w(o) = -o**3 + 35*o**2 + 9*o + 38. What is the tens digit of w(35)?
5
Let p be (-511)/21*18/(-2). Suppose -4*z + p = -z. Let l = -39 + z. What is the units digit of l?
4
Suppose 12*b - 11*b - 4*g = 770, 2294 = 3*b + 4*g. What is the tens digit of b?
6
Let m be -1 - (2 + (-162)/(-3)). Let i = 87 + m. What is the units digit of i?
0
Let k(x) = -x**2 + 7*x + 12. Let p = -10 - -15. Let v be k(p). What is the tens digit of v - (2/1 + 0)?
2
Let n = 147 - 149. Let l be 4*1/2 + -3. What is the tens digit of 5 - -18 - (n + l)?
2
Let f(c) = -184*c + 247. What is the tens digit of f(-9)?
0
Suppose -8*b + 707 = -b. What is the hundreds digit of b?
1
Suppose 2 = -10*f + 11*f. What is the hundreds digit of (f/5)/((-17)/(-8075))?
1
Suppose -2*h + 17 = 5*p - 0*h, -3*p = -2*h - 7. Suppose -x - 7 = -n, 5*n - p*x = -0*n + 45. Suppose -38 = -2*j - n. What is the units digit of j?
3
Let b(h) = h + 2. Let t be b(-4). Let p be t + 2 + 0 + 32. Suppose -i - p = -2*i. What is the tens digit of i?
3
Suppose 4*p + 371 = 5*w, 3*w + 5*p - 264 = -w. Suppose -4*i + 2*t = -9*i + 17, 5 = 5*t. Suppose i*f = w + 91. What is the units digit of f?
4
Let q = -5 - 9. Let s be 4/q - (-1015)/(-49). What is the units digit of (-62)/(-6) + 7/s?
0
Suppose 4*w = w + 12. Suppose -w*l - 122 = x - 3*x, 52 = x + l. What is the tens digit of x?
5
Let h be (-2)/4 - (-20)/8. Let f(l) = 29 + l**3 + 2*l**h - 10*l + 15*l**2 - 7*l - 4*l**2. What is the units digit of f(-14)?
1
Let s = -2830 + 5096. What is the hundreds digit of s?
2
Suppose z + 1 = -4*x - 1, 4*z - 5 = -3*x. Let h(r) = r**2 - 9*r + 2. Let t be h(9). What is the tens digit of 23 - (x - (-3 - t))?
1
Let w be 250/2 + 9 + -5. Suppose -6*g + w = -93. What is the tens digit of g?
3
Let w(a) be the first derivative of -19*a**4 + a**2/2 + 2. What is the tens digit of w(-1)?
7
Suppose 5*s = 11*s - 2082. What is the units digit of s?
7
Let k(h) = -h**3 + 36*h**2 + 95*h - 69. What is the tens digit of k(35)?
8
Let z(q) = 4*q**3 - 5*q**2 - 9*q + 5. Let g(m) = -m**3 + m. Let x(s) = 3*g(s) + z(s). What is the units digit of x(8)?
9
Suppose 18 = 5*i - 7. Suppose 5*o - 3*n - 228 = 0, i*o - 2*o + n = 148. What is the tens digit of o?
4
Let v = 535 - 245. What is the tens digit of v?
9
Let l(p) = -p**2 + 10*p + 13. Let d be l(11). Suppose d*z + 9 = -11. Let a = 0 - z. What is the units digit of a?
0
Suppose -6*a = -5*a - 4. Let r(i) = 5*i - 12. What is the units digit of r(a)?
8
Let v(y) = -2*y**3 - 9*y**2 - 2*y - 22. What is the hundreds digit of v(-7)?
2
Suppose 5*m + 2321 = 4*b + 10*m, -1749 = -3*b - m. What is the tens digit of b?
8
Let n = 50 - 18. Suppose -5*p = -9*p + n. Let v = p + 21. What is the tens digit of v?
2
Let h(b) = -b**2 + 16*b + 9. Let n be h(15). Suppose 4*o + 2*k = -0*o + n, o + 4*k = 20. Suppose m - 14 + 1 = o*r, 3*m = 2*r + 39. What is the tens digit of m?
1
Let y(w) = 5*w**2 + 21*w - 42. What is the thousands digit of y(-17)?
1
Suppose -3*c - 606 = -5*d, -c = -3*d - d + 209. Let f = -84 - c. What is the tens digit of f?
1
Let a(x) = -32*x**3 - 3*x**2 - 10*x - 18. What is the tens digit of a(-3)?
4
Suppose 3*l - 291 = -4*v, -3*v - 2*l + 148 = -v. What is the units digit of v?
9
Suppose 3*o + 700 = -3*d + 1951, -o + 433 = -3*d. What is the tens digit of o?
2
Let j(t) = 18*t + 21. Let d be j(8). Suppose -4*p - p + d = 0. What is the units digit of p?
3
Let r be (-30)/(-4)*4/(-6). Let h be r*1*26/(-65). Suppose -3*g - 2*v + 123 = 2*v, h*v + 105 = 3*g. What is the units digit of g?
7
Let v(l) = 2*l**2 + 2*l + 6. Let i be v(3). What is the tens digit of 34/(-2 + 64/i)?
5
Let h = 1003 + -787. What is the units digit of h?
6
Let a = -39 + 71. Let j = 112 - a. What is the units digit of j?
0
Suppose 6 = -5*x - 4*j, -2*x = -2*j + 6*j + 12. Suppose -35 = -3*b - x*b. Suppose 0 = 2*k - b*k + 160. What is the tens digit of k?
3
Let z = -180 - -206. What is the units digit of z?
6
Let u = 9 - -1. Suppose -u*w = -9*w - 6. What is the units digit of w?
6
Suppose -2 = -c - 2*u + 7, -42 = -2*c + 4*u. Suppose -p = -2*y + c, -2*y + 2 - 32 = 4*p. What is the tens digit of (-9)/(p/28) - 0?
2
Suppose 6*l - 6975 = -999. What is the units digit of l?
6
Let n(i) = 15*i + 71. What is the units digit of n(13)?
6
Let r(c) = c**2 - 15*c - 31. Let t be r(17). What is the tens digit of (-24)/(-12) - t/((-6)/140)?
7
Let r(b) = 10*b. Let p be 4 + (-3)/(-6)*-4. Let k be p + -1 + (0 - 0). What is the units digit of r(k)?
0
Let r = 2176 - -1722. What is the hundreds digit of r?
8
Let f(h) = -h**2 - 2*h - 2. Let i be f(-4). Let t(l) = l**2 + 10*l + 3. Let s be t(i). What is the units digit of 1 - (0 - (s - 3))?
1
What is the tens digit of (1362/(-12))/(2*(-3)/24)?
5
Suppose 0*h + 2*a + 4 = -2*h, -2*a = h + 7. Suppose 2*r - 282 = -0*r + 4*b, 15 = -h*b. What is the hundreds digit of r?
1
Let t = -862 + 2055. What is the tens digit of t?
9
What is the units digit of 24518/(-164)*(-6 - 0)?
7
Let f be (4/2)/1 + 11. Let s = f - 10. Let n(t) = t**3 - 2*t**2 + 2*t - 2. What is the tens digit of n(s)?
1
Let i(w) = -w**2 + 14*w + 1. Suppose 5*v - 104 = -p, 2*v - 2*p = 3*p + 20. Let y be (-4)/(-12) - v/(-3). What is the units digit of i(y)?
0
Suppose 4*r - 4*p - 23948 = 0, -23*p + 19*p + 17940 = 3*r. What is the tens digit of r?
8
Let z = -36 + 3. Suppose 134 = 2*y + 6. Let m = y + z. What is the units digit of m?
1
Let q(v) = 999*v - 1158. What is the tens digit of q(7)?
3
Let l(y) = -y**2 + 83*y + 78. What is the tens digit of l(57)?
6
Let l = -67 + 118. Let c be l/(-15) - (-6)/15. Wh